e highest common divisor of 8 and m?
2
Suppose 0*o = -2*o - 8, -b - 2*o = 6. Suppose 3*c = 5*f - 11, 0 = -c + b*f - 0 - 5. Calculate the highest common divisor of 9 and c.
3
Suppose 0 = 5*v + 4*k - 29, 2*k - 13 = -2*v - 1. Calculate the greatest common factor of v and 25.
5
Suppose -13 = -5*q + 7. Let n = -3 + q. Let j = -1 - -9. What is the greatest common divisor of n and j?
1
Suppose 2*g = v - 2*v + 183, -5*g + 464 = -4*v. Let k = -54 - -77. Calculate the greatest common divisor of k and g.
23
Let u(a) = 2*a**2 - 2. Let d be u(2). Let z = d - -1. Calculate the highest common factor of 63 and z.
7
Let a = 10 + -4. Suppose 0 = -2*p - 0*p + 8. Suppose 0 = -v - 2*w + 18, 63 = p*v + w + 4*w. Calculate the greatest common divisor of a and v.
6
Let l be ((-8)/(-2) - 44)*-1. What is the greatest common factor of l and 100?
20
Suppose 7*q - 2*q - 555 = c, 0 = -c + 5. Calculate the highest common factor of q and 32.
16
Let b(t) = -t + 2. Let p be b(-2). Calculate the highest common factor of p and 1.
1
Let r(p) = -p**3 + 4*p**2 + 2*p + 5*p - 5 + 2 - 4*p. Let k be r(4). Suppose -7*n + 36 = -3*n. Calculate the greatest common divisor of k and n.
9
Suppose -22 + 74 = 13*n. Calculate the greatest common factor of n and 2.
2
Suppose -i + 0*i = -18. Let f = i - 6. Calculate the highest common factor of f and 8.
4
Suppose 6*g + v + 349 = 10*g, -5*g - 4*v = -452. Calculate the greatest common divisor of 8 and g.
8
Let m = 8 + -14. Let f be ((-33)/m)/(1/2). Suppose -f = -h + 13. What is the greatest common factor of h and 3?
3
Let h be (-4*(-9)/6)/((-2)/(-88)). Calculate the greatest common factor of h and 33.
33
Let k = 8 + -9. Let q = 4 - k. Suppose 0 = -3*o + w + 44, -q*o = -0*o + 3*w - 64. Calculate the greatest common divisor of 154 and o.
14
Suppose 5*s - 168 = -3*o, -5*s + 177 + 7 = -o. Suppose -2*d + 6*d - s = 0. Let l = -104 - -203. Calculate the greatest common factor of l and d.
9
Let t be (1340/40)/((-2)/(-4)). Let w = t - -13. What is the greatest common divisor of w and 32?
16
Let d(m) = -4*m - 9. Suppose 0 = 6*i - i. Suppose 2*o = -o - 4*g - 6, i = 4*o + g + 21. Let s be d(o). Calculate the highest common divisor of 5 and s.
5
Let n be ((-2)/5)/(3/(-45)). Let d = n + 6. Suppose 12*w = 7*w + 90. Calculate the greatest common factor of d and w.
6
Let i(a) = -a**3 + 3*a**2 + 5*a + 1. Let b be i(4). Suppose -2*q = -b*q + 216. Calculate the greatest common divisor of 9 and q.
9
Suppose 2*v - 2*s - 14 = 0, 3*v + 3*s - 3 = -0*v. Let q(p) = 2*p. Let n be q(v). What is the highest common factor of n and 12?
4
Suppose -4*t + t - 12 = 0. Let a be (-3)/(-2) + (-6)/t. Calculate the greatest common divisor of 6 and a.
3
Suppose -575 = 4*d - 9*d. Let z(u) = 12*u**2 - u. Let m be z(2). Calculate the greatest common divisor of m and d.
23
Suppose 2*s + 105 = 7*s. What is the greatest common factor of s and 14?
7
Let o(b) = -b**3 - 6*b**2 - 6*b - 7. Let p be o(-5). Let h be 14 - (p - -1 - 0). What is the greatest common factor of h and 10?
5
Let t be 20/8*(-4)/(-2). Suppose -63 = -t*a + 117. Calculate the highest common factor of 24 and a.
12
Let y be (32/(-80))/((-2)/40). Calculate the highest common factor of y and 88.
8
Suppose y + h = 61, -4*y + 3*h + 213 = -y. Suppose 76 = 4*q - 100. Calculate the highest common factor of y and q.
22
Let v = 10 - 4. Let b be 806/v + (-2)/(-3). Suppose -4*x - 2*z + 54 = 0, -3*z = 1 + 8. What is the highest common divisor of b and x?
15
Suppose -3*k + 4*k + 5*g - 285 = 0, 3*g = 3*k - 801. Suppose -u = -4*u + k. Let q be (6/(-8))/((-1)/20). What is the greatest common divisor of q and u?
15
Suppose 4*a + 26 = 74. Suppose -r - 4*r + 15 = u, 4*r - 4*u = -a. Suppose -r*n + 22 = -20. What is the highest common divisor of n and 3?
3
Suppose -10 = 2*j - 4*j. Let u be (1 - j)/((-9)/198). What is the highest common factor of u and 11?
11
Suppose -36 - 24 = -3*f. Let h be ((-600)/5)/((-3)/4). Calculate the greatest common factor of f and h.
20
Suppose 0*o - 2*o + 90 = 0. Calculate the highest common divisor of 30 and o.
15
Suppose 2*z = -2*z + 3*d + 60, -3*d = 3*z - 24. Calculate the greatest common factor of 18 and z.
6
Let a(l) = l**2 - l + 14. Suppose f - 27 - 36 = 5*s, 4*s = 2*f - 54. Let n be a(s). Calculate the greatest common factor of 17 and n.
17
Suppose 0 = -4*d + 75 - 27. Calculate the highest common divisor of 132 and d.
12
Suppose 2*f = -2*f + 400. Suppose 4*u - 4*t = f, -t - 3*t = -12. Let w(h) = -h + 4. Let y be w(-3). What is the highest common factor of u and y?
7
Suppose 4*j = 4*r + 8, -2*j + 8 = -j - 3*r. Let h be 10 + (j - 2) - -2. Let x(v) = 21*v. Let o be x(3). Calculate the highest common factor of h and o.
9
Let u = 18 - 11. Let z = u + -4. Let g(w) = w**3 - 3*w**2 + 2*w + 2. Let n be g(z). Calculate the highest common factor of n and 20.
4
Suppose -2*v + 85 = 3*o + 29, -4*v - 8 = 0. Let f = 0 - 0. Suppose 0 = -f*k - 3*k + 120. What is the greatest common divisor of k and o?
20
Let k = 229 - 172. What is the highest common divisor of 228 and k?
57
Let g = 19 + 37. Suppose 3*a + 9 = -0. Let q(z) = z**2 + z + 2. Let i be q(a). What is the highest common divisor of i and g?
8
Let z = -11 + 15. Calculate the greatest common factor of 36 and z.
4
Let r(k) = k**2 + 6*k - 1. Let t be r(-7). Let d = 112 + -270. Let x = -92 - d. What is the greatest common divisor of t and x?
6
Let k be (0 + (-4)/(-6))/(1/30). Calculate the highest common factor of k and 220.
20
Suppose 2*s - 21 = 47. Suppose -2 = 2*j - 4*d, -5*j - d + 13 = -3*j. Suppose 0 = -3*z + j*z - 34. Calculate the greatest common factor of z and s.
17
Suppose 3*d = 6, -k + 3*d - 5 = -2*d. Suppose -y - 2*y + 597 = -3*n, -k*y + 2*n = -1007. Calculate the greatest common factor of 29 and y.
29
Suppose -h + 13 = -3*a + a, 2*h - 10 = 0. Let y = 26 - a. Calculate the greatest common factor of y and 15.
15
Let r(q) = q**2 - 4*q + 5. Let h be r(6). Calculate the greatest common factor of 170 and h.
17
Let o(i) = i**3 + 3*i**2 - 5*i - 3. Let x be o(-3). Let g = -212 + 344. Calculate the highest common factor of x and g.
12
Let x(h) = -h. Let d be x(-2). Let f = 16 - d. Let v = 57 - 15. What is the greatest common divisor of v and f?
14
Let u = 629 - 397. Calculate the greatest common factor of u and 29.
29
Let l = 7 + -5. Let m = -2 + l. Suppose 4*z = -m*z + 64. Calculate the greatest common factor of 128 and z.
16
Let d = 18 + -15. Suppose d*q + 10 = 64. Calculate the highest common divisor of q and 90.
18
Suppose -11*x = -12*x + 29. What is the greatest common divisor of x and 29?
29
Let b = 153 + 47. Calculate the highest common divisor of b and 80.
40
Let p(g) = -g**3 + 4*g**2 + g - 3. Let o be p(4). Calculate the highest common factor of o and 1.
1
Let m = 23 + -42. Let l = m - -31. Calculate the greatest common factor of l and 96.
12
Let y = -18 - -20. Suppose 2*s = 5*q + 22, -y*q - 5 = -3*s + 17. Calculate the highest common divisor of s and 2.
2
Let b be (-3)/((-5)/(60/(-9))) - -46. Let j be (-2)/8 - (-113)/4. Calculate the greatest common divisor of j and b.
14
Suppose m + 96 = 111. Calculate the greatest common divisor of 3 and m.
3
Suppose -24 = -11*v + 7*v. Suppose -v = 4*s - 406. Suppose h + 7 = 2, -5*h - s = -5*w. What is the highest common factor of w and 135?
15
Let r be ((-2)/(-4))/((-2)/(-8)). Suppose -r*k + 7*k = 70. What is the highest common divisor of k and 35?
7
Let d(u) = 2 - 1 + 1 + 10*u - 4. Let l be d(2). Suppose -4*g + 670 = -o + 161, 0 = -g - o + 121. What is the highest common factor of g and l?
18
Let d(z) = 7*z - 12. Let q be d(6). What is the greatest common divisor of q and 15?
15
Let v be (5/((-25)/(-2)))/((-9)/(-855)). Calculate the highest common divisor of v and 152.
38
Let x = 15 + -6. Let v = -40 - -103. What is the highest common factor of v and x?
9
Let l(z) = z**2 - 3*z + 4 - 5*z + 2. Let a be l(9). Suppose 3*u - 2*u + 4*m = 55, -390 = -5*u + 3*m. Calculate the greatest common divisor of a and u.
15
Suppose -5*c + 8 = 18. Let v(z) = -19*z - 2. Let y be v(c). What is the greatest common divisor of y and 4?
4
Suppose 0 = -5*r + 15 - 50. Let m be -1 + -5 + 10 + r. Let l(i) = 2*i**2 + i + 3. Let h be l(m). What is the highest common divisor of 9 and h?
9
Let m be 0 - 2/(0 - 1). Let f = m + -3. Let w be (-3 + -1)*2/f. What is the